{"id":489,"date":"2014-03-11T01:43:17","date_gmt":"2014-03-11T00:43:17","guid":{"rendered":"http:\/\/praxis-neumann.net\/?page_id=489"},"modified":"2022-01-06T08:36:56","modified_gmt":"2022-01-06T07:36:56","slug":"darmsanierung","status":"publish","type":"page","link":"https:\/\/praxis-neumann.net\/?page_id=489","title":{"rendered":"Darmsanierung"},"content":{"rendered":"<p style=\"margin-right: 0.34cm; margin-top: 0.49cm; margin-bottom: 0.49cm;\"><span style=\"font-family: Arial Unicode MS,sans-serif;\"><span style=\"color: #000000;\"><span style=\"font-family: Arial,sans-serif;\"><span style=\"font-size: small;\">Der Darm hat oft die Schl\u00fcsselposition bei der Entstehung von chronischen Erkrankungen. Eine schulmedizinische Abkl\u00e4rung vorhandener Beschwerden ist immer sinnvoll, aber gleichzeitig sollte eine naturheilkundliche Untersuchung der Darmflora erfolgen.<\/span><\/span><\/span><span style=\"color: #000000;\"><span style=\"font-family: Arial,sans-serif;\"><span style=\"font-size: small;\"><em> <\/em><\/span><\/span><\/span><span style=\"color: #000000;\"><span style=\"font-family: Arial,sans-serif;\"><span style=\"font-size: small;\"><span style=\"font-style: normal;\"><span style=\"font-weight: normal;\">Man sch\u00e4tzt, dass die Gesamtzahl der Darmbakterien, zehnmal so hoch ist wie die Zahl unserer K\u00f6rperzellen. Au\u00dferdem beheimatet der Darm ca. 80 % des Immunsystems.<\/span><\/span><\/span><\/span><\/span><span style=\"color: #000000;\"><span style=\"font-family: Arial,sans-serif;\"><span style=\"font-size: small;\"><em> <\/em><\/span><\/span><\/span><span style=\"color: #000000;\"><span style=\"font-family: Arial,sans-serif;\"><span style=\"font-size: small;\"><span style=\"font-style: normal;\">Die  Zusammensetzung der Darmflora ist somit entscheidend f\u00fcr die Entstehung vieler chronischer Erkrankungen wie z.B. Allergien, Nahrungsmittelunvertr\u00e4glichkeiten,  Hauterkrankungen, chronische Entz\u00fcndungen, Immunschw\u00e4che, Autoimmunerkrankungen und fast allen Verdauungsbeschwerden. Durch chemische Zusatzstoffe in Lebensmitteln, Umweltgifte, falsche Essgewohnheiten, bestimmte Medikamenten oder auch durch Stoffwechselst\u00f6rungen kann dieses System geschw\u00e4cht werden. <\/span><\/span><\/span><\/span><span style=\"color: #000000;\"><span style=\"font-family: Arial,sans-serif;\"><span style=\"font-size: small;\">Um die Selbstheilungskr\u00e4fte im K\u00f6rper wieder herzustellen ist oft eine gezielte Darmsanierung n\u00f6tig. Daf\u00fcr sollte man krankmachende Keime beseitigen, n\u00fctzliche Darmbakterien zuf\u00fchren und vor allem mit Entgiftung und Ern\u00e4hrung f\u00fcr ein optimales Milieu sorgen, damit die Bakterien sich dauerhaft etablieren k\u00f6nnen und es nicht zu einem R\u00fcckfall kommt. Dies funktioniert nur mit einem komplexen und individuellem Therapiekonzept, was viel Erfahrung erfordert.<\/span><\/span><\/span><\/span><\/p>\n","protected":false},"excerpt":{"rendered":"<p>Der Darm hat oft die Schl\u00fcsselposition bei der Entstehung von chronischen Erkrankungen. Eine schulmedizinische Abkl\u00e4rung vorhandener Beschwerden ist immer sinnvoll, aber gleichzeitig sollte eine naturheilkundliche Untersuchung der Darmflora erfolgen. Man sch\u00e4tzt, dass die Gesamtzahl der Darmbakterien, zehnmal so hoch ist &hellip; <a href=\"https:\/\/praxis-neumann.net\/?page_id=489\">Weiterlesen <span class=\"meta-nav\">&rarr;<\/span><\/a><\/p>\n","protected":false},"author":2,"featured_media":0,"parent":335,"menu_order":0,"comment_status":"closed","ping_status":"closed","template":"","meta":{"footnotes":""},"class_list":["post-489","page","type-page","status-publish","hentry"],"_links":{"self":[{"href":"https:\/\/praxis-neumann.net\/index.php?rest_route=\/wp\/v2\/pages\/489","targetHints":{"allow":["GET"]}}],"collection":[{"href":"https:\/\/praxis-neumann.net\/index.php?rest_route=\/wp\/v2\/pages"}],"about":[{"href":"https:\/\/praxis-neumann.net\/index.php?rest_route=\/wp\/v2\/types\/page"}],"author":[{"embeddable":true,"href":"https:\/\/praxis-neumann.net\/index.php?rest_route=\/wp\/v2\/users\/2"}],"replies":[{"embeddable":true,"href":"https:\/\/praxis-neumann.net\/index.php?rest_route=%2Fwp%2Fv2%2Fcomments&post=489"}],"version-history":[{"count":3,"href":"https:\/\/praxis-neumann.net\/index.php?rest_route=\/wp\/v2\/pages\/489\/revisions"}],"predecessor-version":[{"id":502,"href":"https:\/\/praxis-neumann.net\/index.php?rest_route=\/wp\/v2\/pages\/489\/revisions\/502"}],"up":[{"embeddable":true,"href":"https:\/\/praxis-neumann.net\/index.php?rest_route=\/wp\/v2\/pages\/335"}],"wp:attachment":[{"href":"https:\/\/praxis-neumann.net\/index.php?rest_route=%2Fwp%2Fv2%2Fmedia&parent=489"}],"curies":[{"name":"wp","href":"https:\/\/api.w.org\/{rel}","templated":true}]}}